it of t?
1
Let a(m) = 3*m - 2. Let l be a(2). Suppose -3*i - 3*p = -p - 6, 8 = l*i - 2*p. What is the units digit of ((-10)/60)/(i/(-12))?
1
Let g be (8 - (-25710920)/150) + 4/(-30). What is the tens digit of (-3)/5 - g/(-90)?
0
Let w(x) be the first derivative of -3*x**2 + 12*x + 292. Suppose -3*b - 3*n - 78 = b, 4*n = -5*b - 98. What is the units digit of w(b)?
0
Let f(j) = 36 - 58 - 11*j + 9*j**2 + 69*j. What is the tens digit of f(-9)?
8
What is the hundreds digit of (-41782)/(-24) + ((-207)/108)/(-23)?
7
Suppose -p - 5*x = -323, 9*p - 14*p + 1735 = 5*x. What is the units digit of p?
3
Let k(h) = -h**3 + 10*h**2 - 25*h + 18. Let c be k(6). Let g be -90 + (4 - 8)*9/c. Let u = g - -326. What is the tens digit of u?
3
Let n(w) = -2*w**2 - 16*w - 9. Let k be n(-7). Suppose 833 + 1282 = k*j. Suppose 0 = -20*f + 17*f + j. What is the units digit of f?
1
Let w be 9/15 + (-1072)/(-5). Let k be 0*(-1)/4 + w. Suppose -q - k = -6*q. What is the units digit of q?
3
Let c = 15588 + -3372. What is the units digit of c?
6
Suppose y + 124 + 90 = r, y + 206 = 5*r. Let l = 270 + y. What is the tens digit of l?
5
Let j be 0/2*(-6 + 5). Suppose -y + j*y - 46 = n, 3*y = -5*n - 224. Let p = 101 + n. What is the units digit of p?
8
Suppose 4*d - 2147 = 2*d - i, 2*d - 2144 = -2*i. Suppose d = -4*n + 6*n + 3*z, 4*z = -20. What is the tens digit of n?
4
Let k be (1473/30 + 30/(-50))*14. Suppose -5*m - k + 1679 = 0. What is the hundreds digit of m?
2
Let d = -55 + 21. What is the tens digit of 8/6*(-5457)/d?
1
Let w(y) = -4*y - 8. Let p be w(4). Let f = -27 - p. What is the tens digit of (90/24)/(f/144*-1)?
8
Suppose 30*u = 33*u - 9. Suppose -y + 23 = u. What is the tens digit of y?
2
Suppose 2*h - 6 = 2*b, -3*b + 4*b + 4*h - 17 = 0. What is the tens digit of (b - 300)/((-405)/36 + 11)?
9
Let v = -186 - -300. Let f = v - -949. What is the thousands digit of f?
1
Let a = 3771 - 1243. What is the units digit of a?
8
Let q(z) = 45*z + 39. Let n(u) = -u + 1. Let i(s) = -4*n(s) - q(s). What is the tens digit of i(-7)?
4
Suppose 8*q - 9 = 5*q. Let m be (q/3)/(3/12). Suppose -b = -2*r - 104, 7*r - 2*r = -m*b + 403. What is the hundreds digit of b?
1
Let b(y) = y**3 - 13*y**2 + 7*y - 93. Let w(x) = -2*x**2 - 18*x - 12. Let f be w(-7). What is the units digit of b(f)?
7
Suppose -38*p + 3 = -37*p, -4*p = 3*v - 90921. What is the hundreds digit of v?
3
Suppose -5 = -11*a + 17. Suppose 453 = 4*x + p - a*p, -109 = -x - 4*p. What is the hundreds digit of x?
1
Let h(b) = -5*b**2 + 14 + b**3 - 13*b + 6*b - 3*b**3 + 2*b**3 + b**3. What is the units digit of h(6)?
8
Let s(b) = 6*b**2 - 173*b - 73. What is the thousands digit of s(-12)?
2
Let w = -171 + 167. What is the tens digit of (-384)/(-9) + ((-40)/(-15))/w?
4
Let x = -56 + 51. What is the tens digit of -9*(-2 + (-81)/(x/(-5)))?
4
Let f(a) = -2*a**3 - 8*a**2 + 3*a. Let r(b) = b**3 + 7*b**2 - 3*b. Let h(p) = -3*f(p) - 4*r(p). Let g be (0 + ((-30)/(-4))/5)*2. What is the tens digit of h(g)?
2
Let m = 223 - 146. Let f(k) = -k**3 - 61*k**2 - 172*k + 51. Let j be f(-58). Let n = m + j. What is the units digit of n?
2
Let p(j) = -607*j - 920. What is the hundreds digit of p(-13)?
9
Let y = -314 + 275. What is the hundreds digit of y/26*(4394/(-6) + 3)?
0
Suppose -17*a + 20*a + 21*a - 12480 = 0. What is the tens digit of a?
2
Suppose 186*z + 4*v = 191*z - 2994, -2395 = -4*z + 3*v. What is the tens digit of z?
9
Let t(s) = 2586*s + 1626. What is the units digit of t(28)?
4
Suppose -3*b + d = b - 25, 5*d + 30 = b. Suppose b*r - 3*y = 19, -5*y - 17 = -2. Suppose 0 = r*i + i - 105. What is the tens digit of i?
3
Let k be (-93)/(-4 - 258/(-66)). Suppose -15 = 5*g, -344 + k = 2*j - 3*g. What is the hundreds digit of j?
3
Let g be (0 - 1005 - 0)/(5/(-10)). Let l = -1127 + g. What is the hundreds digit of l?
8
Let h = -7 - -9. Suppose h*t - 561 = 161. Suppose 5*s = -2*z + t + 333, s - 140 = -z. What is the units digit of s?
8
Suppose -r - 1072 = -2*u, 2*r = 5*u + 5*r - 2658. Suppose u = 5*n - 1631. What is the hundreds digit of n?
4
Let g(b) be the second derivative of 70*b**3/3 - 47*b**2 + b + 12. What is the units digit of g(4)?
6
Suppose -47 - 23 = 10*z. Let l = z - -193. Suppose 0 = 3*p - p - l. What is the units digit of p?
3
Suppose -p - 3*p - 567 = -1067. Suppose q + 48 = 2. Let l = q + p. What is the units digit of l?
9
Let n = 3554 - -21461. What is the units digit of n?
5
Suppose 4*u - 824 = 4*x - 2892, 5*u = -3*x - 2593. Let a = u - -900. What is the tens digit of a?
8
Let u be -35 + 36 - (-2819 + 1). Suppose a = -13*i + 18*i - u, 5*i = 5*a + 2815. What is the tens digit of i?
6
Suppose 0 = 3*r - 12, p - 4*r + 428 = 4657. What is the hundreds digit of p?
2
Let u(g) = -3*g - 37. Let q be u(-14). Suppose -3*t + 5 = -2*t - 5*k, 46 = q*t - 4*k. Let z(h) = 19*h - 46. What is the tens digit of z(t)?
4
Let w(k) = k**3 + 22*k**2 + 43*k + 64. Let f be w(-20). Let p = 1139 - 329. Suppose -4*b + 780 = 5*c, c = -f*c + 2*b + p. What is the tens digit of c?
6
Let j = 68140 + -23279. What is the units digit of j?
1
Let p be 3/30*5*10. Suppose 14*y = p*y + 8586. What is the hundreds digit of y?
9
Let p be ((-42)/30)/(-7) - 178/(-10). Suppose -10*s = -p*s + 96. What is the units digit of s?
2
Suppose -201448 = 33*o - 46*o. Suppose -t = 25*t - o. What is the tens digit of t?
9
Suppose -125*t = -1189473 - 301777. What is the units digit of t?
0
Suppose 2*x = 3170 + 274. Let d = x + -999. What is the units digit of d?
3
Let d be (0 - 4/10)/(5/100). Let k(r) = -11*r + 15. What is the tens digit of k(d)?
0
Suppose -10*s + 70550 = -151220. What is the tens digit of s?
7
Let k(b) = b + 1. Let j(t) = 3*t - 31. Let m(u) = j(u) + 2*k(u). Let l be (-2)/((-16)/14)*4. What is the units digit of m(l)?
6
Suppose -4*p - 67407 = -5*s, 4*s - p = 29822 + 24097. What is the tens digit of s?
7
Suppose 5*a = -4*k + k - 33, -3*k = a + 9. Let z(m) = -3*m**3 - 2*m**2 - 4*m - 7. What is the tens digit of z(a)?
9
Suppose -5*w + 42269 = g, 0 = 4*w - 21*g + 17*g - 33796. What is the thousands digit of w?
8
Suppose -14*g = -0*g - 126. Let p = g - -82. What is the units digit of p?
1
Let q(h) = -12*h - 80. Let n be q(-24). Suppose v = -n + 595. What is the tens digit of v?
8
Suppose 344275 = 52*r + 43091. What is the thousands digit of r?
5
Suppose -2*b + b = -865. Suppose h - 129 = 2*v, -4*h + 5*v + b - 349 = 0. Suppose -657 = -5*i - m, 3*m - h = -i + 2*m. What is the units digit of i?
2
Let y(g) = 235*g + 17. Let w be (1 - (5 + -1))*8/(-6). Let x be y(w). Suppose 17*n = 6*n + x. What is the tens digit of n?
8
Let s(u) be the first derivative of -2*u**4 - 4*u**3/3 + 3*u**2/2 + 19*u - 2. What is the hundreds digit of s(-4)?
4
Let u(m) be the second derivative of 5*m**3/6 + 19*m**2/2 + 4*m. Let f be u(-9). What is the tens digit of (-99)/(-2) - 13/f?
5
Suppose -5*v + 4*d - 21 = 2*d, -2*v - 12 = d. Let g(a) = -8*a - 35. Let f be g(v). What is the tens digit of (2 - f)*1 - -35?
3
Let s(r) = -r**2 - 13*r + 35. Let g(b) = -3*b**2 + 6*b + 9. Let p be g(4). Let h be s(p). Suppose -h*m + 76 = 3*j, -6 = -4*m + 14. What is the units digit of j?
7
Suppose 0 = -17*r - 34076 + 5431. What is the hundreds digit of 3/(-5 + (-8440)/r)?
3
Let z(a) = 2*a**2 - 17*a + 2. Let y be z(8). Let g be 460 + ((-4)/y)/((-2)/(-3)). Let b = 689 - g. What is the units digit of b?
8
Let c be (-44)/264 + 3685/6. Suppose 5*x + 2*q = 2131, c = -3*x - 2*q + 1891. What is the units digit of x?
7
Let i(c) = -41*c + 23. Suppose 4*x - 4 = 20. Let p(v) = -3*v**2 + 17*v + 3. Let r be p(x). What is the units digit of i(r)?
6
Let p(x) = x**3 + x**2 - 3*x + 3306. Let c be p(0). What is the hundreds digit of c/4 - (7 - 33/6)?
8
Suppose 0 = 4*n - 17*n + 5291. Let w = n - -118. What is the units digit of w?
5
Let v be (2/(-9))/(136/(-153))*8. What is the units digit of 261 + v + (1 - 6)?
8
Suppose -578*a = -619*a + 429024. What is the ten thousands digit of a?
1
Let a be (4/(-4))/(((-8)/2)/(-8)). What is the units digit of (-5 - (-2010)/(-12))*(a - 0)?
5
Suppose 0 = -2*a + 2*u + 6, -a - 3*u - 4 + 3 = 0. Suppose 0 = -5*w + 2*w + f - 18, 4*f = 2*w + 22. What is the tens digit of 888/6 - a*(3 + w)?
5
Let q = -11109 - -17149. What is the thousands digit of q?
6
Let g be ((-35)/15)/(2/(-186)). Suppose -16*t - 1001 = -185. Let z 